{"id":1109,"date":"2025-03-31T17:25:32","date_gmt":"2025-03-31T20:25:32","guid":{"rendered":"https:\/\/fundaciongottau.org.ar\/comunicacion\/?page_id=1109"},"modified":"2025-04-08T23:05:54","modified_gmt":"2025-04-09T02:05:54","slug":"proyecto-sum","status":"publish","type":"page","link":"https:\/\/fundaciongottau.org.ar\/comunicacion\/proyecto-sum\/","title":{"rendered":"Proyecto Sum"},"content":{"rendered":"\n<p class=\"has-text-color has-medium-font-size\" style=\"color:#25528b\"><strong>Don\u00e1 para el PROYECTO CENTRO COMUNITARIO DE ENCUENTRO Y CUIDADOS<\/strong><\/p>\n\n\n\n<p><strong>SAN GERARDO . BARRIO LA LE\u00d1ERA<\/strong>.<\/p>\n\n\n\n<div class=\"wp-block-cover alignfull\" style=\"min-height:468px\"><span aria-hidden=\"true\" class=\"wp-block-cover__background has-background-dim\"><\/span><img decoding=\"async\" loading=\"lazy\" width=\"1400\" height=\"500\" class=\"wp-block-cover__image-background wp-image-1667\" alt=\"\" src=\"https:\/\/fundaciongottau.org.ar\/comunicacion\/wp-content\/uploads\/2025\/04\/banner-proyecto-sum-1-1.png\" data-object-fit=\"cover\" srcset=\"https:\/\/fundaciongottau.org.ar\/comunicacion\/wp-content\/uploads\/2025\/04\/banner-proyecto-sum-1-1.png 1400w, https:\/\/fundaciongottau.org.ar\/comunicacion\/wp-content\/uploads\/2025\/04\/banner-proyecto-sum-1-1-300x107.png 300w, https:\/\/fundaciongottau.org.ar\/comunicacion\/wp-content\/uploads\/2025\/04\/banner-proyecto-sum-1-1-1024x366.png 1024w, https:\/\/fundaciongottau.org.ar\/comunicacion\/wp-content\/uploads\/2025\/04\/banner-proyecto-sum-1-1-768x274.png 768w\" sizes=\"(max-width: 1400px) 100vw, 1400px\" \/><div class=\"wp-block-cover__inner-container\">\n<p class=\"has-text-align-center has-white-color has-text-color\" style=\"font-size:28px\">San Gerardo<br><em>Barrio La Le\u00f1era<\/em><\/p>\n<\/div><\/div>\n\n\n\n<p class=\"has-medium-font-size\">El <strong>CENTRO COMUNITARIO DE ENCUENTRO Y CUIDADOS \u2013 SAN GERARDO<\/strong> es un lugar o espacio donde se realizar\u00e1n diferentes actividades comunitarias en un sector de mucha pobreza y vulnerabilidad en un barrio perif\u00e9rico de la ciudad de A\u00f1atuya llamado la Le\u00f1era.<\/p>\n\n\n\n<p class=\"has-medium-font-size\">En el Barrio La Le\u00f1era donde viven aproximadamente <strong>250 familias<\/strong>, con muchos ni\u00f1os, en casas precarias y con situaci\u00f3n laboral inestable se ve la necesidad de contar con un lugar donde se puedan brindar diferentes servicios comunitarios para favorecer a los habitantes de este sector.<\/p>\n\n\n\n<p class=\"has-medium-font-size\">Este barrio hace muchos a\u00f1os se atiende desde la <strong>parroquia San Jos\u00e9<\/strong>, cuenta con una Capilla pero sin salones o aulas para otras actividades. La comunidad ha planteado en varias ocasiones la necesidades de un sal\u00f3n de usos m\u00faltiples y se nota entusiasmo y motivaci\u00f3n para poder afrontar este desaf\u00edo. <\/p>\n\n\n\n<div style=\"height:41px\" aria-hidden=\"true\" class=\"wp-block-spacer\"><\/div>\n\n\n\n<figure class=\"wp-block-gallery has-nested-images columns-default is-cropped wp-block-gallery-1 is-layout-flex\">\n<figure class=\"wp-block-image size-large\"><a href=\"https:\/\/fundaciongottau.org.ar\/comunicacion\/wp-content\/uploads\/2025\/04\/Mesa-de-trabajo-1.png\"><img decoding=\"async\" loading=\"lazy\" width=\"1024\" height=\"853\" data-id=\"1649\"  src=\"https:\/\/fundaciongottau.org.ar\/comunicacion\/wp-content\/uploads\/2025\/04\/Mesa-de-trabajo-1-1024x853.png\" alt=\"\" class=\"wp-image-1649\" srcset=\"https:\/\/fundaciongottau.org.ar\/comunicacion\/wp-content\/uploads\/2025\/04\/Mesa-de-trabajo-1-1024x853.png 1024w, https:\/\/fundaciongottau.org.ar\/comunicacion\/wp-content\/uploads\/2025\/04\/Mesa-de-trabajo-1-300x250.png 300w, https:\/\/fundaciongottau.org.ar\/comunicacion\/wp-content\/uploads\/2025\/04\/Mesa-de-trabajo-1-768x640.png 768w, https:\/\/fundaciongottau.org.ar\/comunicacion\/wp-content\/uploads\/2025\/04\/Mesa-de-trabajo-1.png 1080w\" sizes=\"(max-width: 1024px) 100vw, 1024px\" \/><\/a><\/figure>\n\n\n\n<figure class=\"wp-block-image size-large\"><a href=\"https:\/\/fundaciongottau.org.ar\/comunicacion\/wp-content\/uploads\/2025\/04\/Mesa-de-trabajo-2.png\"><img decoding=\"async\" loading=\"lazy\" width=\"1024\" height=\"853\" data-id=\"1650\"  src=\"https:\/\/fundaciongottau.org.ar\/comunicacion\/wp-content\/uploads\/2025\/04\/Mesa-de-trabajo-2-1024x853.png\" alt=\"\" class=\"wp-image-1650\" srcset=\"https:\/\/fundaciongottau.org.ar\/comunicacion\/wp-content\/uploads\/2025\/04\/Mesa-de-trabajo-2-1024x853.png 1024w, https:\/\/fundaciongottau.org.ar\/comunicacion\/wp-content\/uploads\/2025\/04\/Mesa-de-trabajo-2-300x250.png 300w, https:\/\/fundaciongottau.org.ar\/comunicacion\/wp-content\/uploads\/2025\/04\/Mesa-de-trabajo-2-768x640.png 768w, https:\/\/fundaciongottau.org.ar\/comunicacion\/wp-content\/uploads\/2025\/04\/Mesa-de-trabajo-2.png 1080w\" sizes=\"(max-width: 1024px) 100vw, 1024px\" \/><\/a><\/figure>\n\n\n\n<figure class=\"wp-block-image size-large\"><a href=\"https:\/\/fundaciongottau.org.ar\/comunicacion\/wp-content\/uploads\/2025\/04\/Mesa-de-trabajo-3.png\"><img decoding=\"async\" loading=\"lazy\" width=\"1024\" height=\"853\" data-id=\"1651\"  src=\"https:\/\/fundaciongottau.org.ar\/comunicacion\/wp-content\/uploads\/2025\/04\/Mesa-de-trabajo-3-1024x853.png\" alt=\"\" class=\"wp-image-1651\" srcset=\"https:\/\/fundaciongottau.org.ar\/comunicacion\/wp-content\/uploads\/2025\/04\/Mesa-de-trabajo-3-1024x853.png 1024w, https:\/\/fundaciongottau.org.ar\/comunicacion\/wp-content\/uploads\/2025\/04\/Mesa-de-trabajo-3-300x250.png 300w, https:\/\/fundaciongottau.org.ar\/comunicacion\/wp-content\/uploads\/2025\/04\/Mesa-de-trabajo-3-768x640.png 768w, https:\/\/fundaciongottau.org.ar\/comunicacion\/wp-content\/uploads\/2025\/04\/Mesa-de-trabajo-3.png 1080w\" sizes=\"(max-width: 1024px) 100vw, 1024px\" \/><\/a><\/figure>\n\n\n\n<figure class=\"wp-block-image size-large\"><a href=\"https:\/\/fundaciongottau.org.ar\/comunicacion\/wp-content\/uploads\/2025\/04\/Mesa-de-trabajo-4.png\"><img decoding=\"async\" loading=\"lazy\" width=\"1024\" height=\"853\" data-id=\"1652\"  src=\"https:\/\/fundaciongottau.org.ar\/comunicacion\/wp-content\/uploads\/2025\/04\/Mesa-de-trabajo-4-1024x853.png\" alt=\"\" class=\"wp-image-1652\" srcset=\"https:\/\/fundaciongottau.org.ar\/comunicacion\/wp-content\/uploads\/2025\/04\/Mesa-de-trabajo-4-1024x853.png 1024w, https:\/\/fundaciongottau.org.ar\/comunicacion\/wp-content\/uploads\/2025\/04\/Mesa-de-trabajo-4-300x250.png 300w, https:\/\/fundaciongottau.org.ar\/comunicacion\/wp-content\/uploads\/2025\/04\/Mesa-de-trabajo-4-768x640.png 768w, https:\/\/fundaciongottau.org.ar\/comunicacion\/wp-content\/uploads\/2025\/04\/Mesa-de-trabajo-4.png 1080w\" sizes=\"(max-width: 1024px) 100vw, 1024px\" \/><\/a><\/figure>\n\n\n\n<figure class=\"wp-block-image size-large\"><a href=\"https:\/\/fundaciongottau.org.ar\/comunicacion\/wp-content\/uploads\/2025\/04\/Mesa-de-trabajo-5.png\"><img decoding=\"async\" loading=\"lazy\" width=\"1024\" height=\"853\" data-id=\"1653\"  src=\"https:\/\/fundaciongottau.org.ar\/comunicacion\/wp-content\/uploads\/2025\/04\/Mesa-de-trabajo-5-1024x853.png\" alt=\"\" class=\"wp-image-1653\" srcset=\"https:\/\/fundaciongottau.org.ar\/comunicacion\/wp-content\/uploads\/2025\/04\/Mesa-de-trabajo-5-1024x853.png 1024w, https:\/\/fundaciongottau.org.ar\/comunicacion\/wp-content\/uploads\/2025\/04\/Mesa-de-trabajo-5-300x250.png 300w, https:\/\/fundaciongottau.org.ar\/comunicacion\/wp-content\/uploads\/2025\/04\/Mesa-de-trabajo-5-768x640.png 768w, https:\/\/fundaciongottau.org.ar\/comunicacion\/wp-content\/uploads\/2025\/04\/Mesa-de-trabajo-5.png 1080w\" sizes=\"(max-width: 1024px) 100vw, 1024px\" \/><\/a><\/figure>\n\n\n\n<figure class=\"wp-block-image size-large\"><a href=\"https:\/\/fundaciongottau.org.ar\/comunicacion\/wp-content\/uploads\/2025\/04\/Mesa-de-trabajo-8.png\"><img decoding=\"async\" loading=\"lazy\" width=\"1024\" height=\"853\" data-id=\"1656\"  src=\"https:\/\/fundaciongottau.org.ar\/comunicacion\/wp-content\/uploads\/2025\/04\/Mesa-de-trabajo-8-1024x853.png\" alt=\"\" class=\"wp-image-1656\" srcset=\"https:\/\/fundaciongottau.org.ar\/comunicacion\/wp-content\/uploads\/2025\/04\/Mesa-de-trabajo-8-1024x853.png 1024w, https:\/\/fundaciongottau.org.ar\/comunicacion\/wp-content\/uploads\/2025\/04\/Mesa-de-trabajo-8-300x250.png 300w, https:\/\/fundaciongottau.org.ar\/comunicacion\/wp-content\/uploads\/2025\/04\/Mesa-de-trabajo-8-768x640.png 768w, https:\/\/fundaciongottau.org.ar\/comunicacion\/wp-content\/uploads\/2025\/04\/Mesa-de-trabajo-8.png 1080w\" sizes=\"(max-width: 1024px) 100vw, 1024px\" \/><\/a><\/figure>\n<\/figure>\n\n\n\n<div style=\"height:41px\" aria-hidden=\"true\" class=\"wp-block-spacer\"><\/div>\n\n\n\n<p class=\"has-medium-font-size\">Los recursos propios para la construcci\u00f3n de este sal\u00f3n de 18 metros por 7 metros son imposibles de adquirir por la comunidad local, aunque el trabajo o mano de obra si es posible procurar con el aporte local ya que muchos hombres son constructores y con conocimientos para este fin.<\/p>\n\n\n\n<p class=\"has-medium-font-size\">En el barrio se cuenta con servicios dispersos y otros que al tener espacio propio se podr\u00e1n optimizar y profundizar como <strong>apoyo escolar para ni\u00f1os y adolescentes con dificultades en el aprendizaje<\/strong>, <strong>nutrici\u00f3n y cuidado de ni\u00f1os con comedor o merendero infantil<\/strong> y <strong>actividades terap\u00e9uticas, catequesis y encuentros comunitarios de formaci\u00f3n<\/strong>, <strong>contenci\u00f3n de adolescentes y j\u00f3venes<\/strong> con grupos y <strong>talleres de inter\u00e9s <\/strong>en <strong>actividades art\u00edsticas y culturales<\/strong>, encuentros comunitarios de familias para la atenci\u00f3n de las adicciones, violencia de g\u00e9nero, calidad de vida, v\u00ednculos interpersonales etc. <\/p>\n\n\n\n<p class=\"has-medium-font-size\">Se considera que el beneficio para el sector ser\u00e1 grande y que ayudar\u00e1 a irradiar soluciones alternativas a problem\u00e1ticas que se presentan en el entorno y que nos son atendidas adecuadamente por la insuficiencia de infraestructura.<\/p>\n\n\n\n<div style=\"height:41px\" aria-hidden=\"true\" class=\"wp-block-spacer\"><\/div>\n\n\n\n<figure class=\"wp-block-image size-large\"><a href=\"https:\/\/fundaciongottau.org.ar\/comunicacion\/wp-content\/uploads\/2025\/04\/Mesa-de-trabajo-7-2.png\"><img decoding=\"async\" loading=\"lazy\" width=\"1024\" height=\"853\" src=\"https:\/\/fundaciongottau.org.ar\/comunicacion\/wp-content\/uploads\/2025\/04\/Mesa-de-trabajo-7-2-1024x853.png\" alt=\"\" class=\"wp-image-1660\" srcset=\"https:\/\/fundaciongottau.org.ar\/comunicacion\/wp-content\/uploads\/2025\/04\/Mesa-de-trabajo-7-2-1024x853.png 1024w, https:\/\/fundaciongottau.org.ar\/comunicacion\/wp-content\/uploads\/2025\/04\/Mesa-de-trabajo-7-2-300x250.png 300w, https:\/\/fundaciongottau.org.ar\/comunicacion\/wp-content\/uploads\/2025\/04\/Mesa-de-trabajo-7-2-768x640.png 768w, https:\/\/fundaciongottau.org.ar\/comunicacion\/wp-content\/uploads\/2025\/04\/Mesa-de-trabajo-7-2.png 1080w\" sizes=\"(max-width: 1024px) 100vw, 1024px\" \/><\/a><\/figure>\n","protected":false},"excerpt":{"rendered":"<p>Don\u00e1 para el PROYECTO CENTRO COMUNITARIO DE ENCUENTRO Y CUIDADOS SAN GERARDO . BARRIO LA LE\u00d1ERA. El CENTRO COMUNITARIO DE ENCUENTRO Y CUIDADOS \u2013 SAN GERARDO es un lugar o espacio donde se realizar\u00e1n diferentes actividades comunitarias en un sector de mucha pobreza y vulnerabilidad en un barrio perif\u00e9rico de la ciudad de A\u00f1atuya llamado [&hellip;]<\/p>\n","protected":false},"author":1,"featured_media":0,"parent":0,"menu_order":0,"comment_status":"closed","ping_status":"closed","template":"","meta":[],"_links":{"self":[{"href":"https:\/\/fundaciongottau.org.ar\/comunicacion\/wp-json\/wp\/v2\/pages\/1109"}],"collection":[{"href":"https:\/\/fundaciongottau.org.ar\/comunicacion\/wp-json\/wp\/v2\/pages"}],"about":[{"href":"https:\/\/fundaciongottau.org.ar\/comunicacion\/wp-json\/wp\/v2\/types\/page"}],"author":[{"embeddable":true,"href":"https:\/\/fundaciongottau.org.ar\/comunicacion\/wp-json\/wp\/v2\/users\/1"}],"replies":[{"embeddable":true,"href":"https:\/\/fundaciongottau.org.ar\/comunicacion\/wp-json\/wp\/v2\/comments?post=1109"}],"version-history":[{"count":13,"href":"https:\/\/fundaciongottau.org.ar\/comunicacion\/wp-json\/wp\/v2\/pages\/1109\/revisions"}],"predecessor-version":[{"id":1672,"href":"https:\/\/fundaciongottau.org.ar\/comunicacion\/wp-json\/wp\/v2\/pages\/1109\/revisions\/1672"}],"wp:attachment":[{"href":"https:\/\/fundaciongottau.org.ar\/comunicacion\/wp-json\/wp\/v2\/media?parent=1109"}],"curies":[{"name":"wp","href":"https:\/\/api.w.org\/{rel}","templated":true}]}}

<p class="has-text-color has-medium-font-size" style="color:#25528b"><strong>Doná para el PROYECTO CENTRO COMUNITARIO DE ENCUENTRO Y CUIDADOS</strong></p>



<p><strong>SAN GERARDO . BARRIO LA LEÑERA</strong>.</p>



<div class="wp-block-cover alignfull" style="min-height:468px"><span aria-hidden="true" class="wp-block-cover__background has-background-dim"></span><img decoding="async" loading="lazy" width="1400" height="500" class="wp-block-cover__image-background wp-image-1667" alt="" src="https://fundaciongottau.org.ar/comunicacion/wp-content/uploads/2025/04/banner-proyecto-sum-1-1.png" data-object-fit="cover" srcset="https://fundaciongottau.org.ar/comunicacion/wp-content/uploads/2025/04/banner-proyecto-sum-1-1.png 1400w, https://fundaciongottau.org.ar/comunicacion/wp-content/uploads/2025/04/banner-proyecto-sum-1-1-300x107.png 300w, https://fundaciongottau.org.ar/comunicacion/wp-content/uploads/2025/04/banner-proyecto-sum-1-1-1024x366.png 1024w, https://fundaciongottau.org.ar/comunicacion/wp-content/uploads/2025/04/banner-proyecto-sum-1-1-768x274.png 768w" sizes="(max-width: 1400px) 100vw, 1400px" /><div class="wp-block-cover__inner-container">
<p class="has-text-align-center has-white-color has-text-color" style="font-size:28px">San Gerardo<br><em>Barrio La Leñera</em></p>
</div></div>



<p class="has-medium-font-size">El <strong>CENTRO COMUNITARIO DE ENCUENTRO Y CUIDADOS – SAN GERARDO</strong> es un lugar o espacio donde se realizarán diferentes actividades comunitarias en un sector de mucha pobreza y vulnerabilidad en un barrio periférico de la ciudad de Añatuya llamado la Leñera.</p>



<p class="has-medium-font-size">En el Barrio La Leñera donde viven aproximadamente <strong>250 familias</strong>, con muchos niños, en casas precarias y con situación laboral inestable se ve la necesidad de contar con un lugar donde se puedan brindar diferentes servicios comunitarios para favorecer a los habitantes de este sector.</p>



<p class="has-medium-font-size">Este barrio hace muchos años se atiende desde la <strong>parroquia San José</strong>, cuenta con una Capilla pero sin salones o aulas para otras actividades. La comunidad ha planteado en varias ocasiones la necesidades de un salón de usos múltiples y se nota entusiasmo y motivación para poder afrontar este desafío. </p>



<div style="height:41px" aria-hidden="true" class="wp-block-spacer"></div>



<figure class="wp-block-gallery has-nested-images columns-default is-cropped wp-block-gallery-1 is-layout-flex">
<figure class="wp-block-image size-large"><a href="https://fundaciongottau.org.ar/comunicacion/wp-content/uploads/2025/04/Mesa-de-trabajo-1.png"><img decoding="async" loading="lazy" width="1024" height="853" data-id="1649"  src="https://fundaciongottau.org.ar/comunicacion/wp-content/uploads/2025/04/Mesa-de-trabajo-1-1024x853.png" alt="" class="wp-image-1649" srcset="https://fundaciongottau.org.ar/comunicacion/wp-content/uploads/2025/04/Mesa-de-trabajo-1-1024x853.png 1024w, https://fundaciongottau.org.ar/comunicacion/wp-content/uploads/2025/04/Mesa-de-trabajo-1-300x250.png 300w, https://fundaciongottau.org.ar/comunicacion/wp-content/uploads/2025/04/Mesa-de-trabajo-1-768x640.png 768w, https://fundaciongottau.org.ar/comunicacion/wp-content/uploads/2025/04/Mesa-de-trabajo-1.png 1080w" sizes="(max-width: 1024px) 100vw, 1024px" /></a></figure>



<figure class="wp-block-image size-large"><a href="https://fundaciongottau.org.ar/comunicacion/wp-content/uploads/2025/04/Mesa-de-trabajo-2.png"><img decoding="async" loading="lazy" width="1024" height="853" data-id="1650"  src="https://fundaciongottau.org.ar/comunicacion/wp-content/uploads/2025/04/Mesa-de-trabajo-2-1024x853.png" alt="" class="wp-image-1650" srcset="https://fundaciongottau.org.ar/comunicacion/wp-content/uploads/2025/04/Mesa-de-trabajo-2-1024x853.png 1024w, https://fundaciongottau.org.ar/comunicacion/wp-content/uploads/2025/04/Mesa-de-trabajo-2-300x250.png 300w, https://fundaciongottau.org.ar/comunicacion/wp-content/uploads/2025/04/Mesa-de-trabajo-2-768x640.png 768w, https://fundaciongottau.org.ar/comunicacion/wp-content/uploads/2025/04/Mesa-de-trabajo-2.png 1080w" sizes="(max-width: 1024px) 100vw, 1024px" /></a></figure>



<figure class="wp-block-image size-large"><a href="https://fundaciongottau.org.ar/comunicacion/wp-content/uploads/2025/04/Mesa-de-trabajo-3.png"><img decoding="async" loading="lazy" width="1024" height="853" data-id="1651"  src="https://fundaciongottau.org.ar/comunicacion/wp-content/uploads/2025/04/Mesa-de-trabajo-3-1024x853.png" alt="" class="wp-image-1651" srcset="https://fundaciongottau.org.ar/comunicacion/wp-content/uploads/2025/04/Mesa-de-trabajo-3-1024x853.png 1024w, https://fundaciongottau.org.ar/comunicacion/wp-content/uploads/2025/04/Mesa-de-trabajo-3-300x250.png 300w, https://fundaciongottau.org.ar/comunicacion/wp-content/uploads/2025/04/Mesa-de-trabajo-3-768x640.png 768w, https://fundaciongottau.org.ar/comunicacion/wp-content/uploads/2025/04/Mesa-de-trabajo-3.png 1080w" sizes="(max-width: 1024px) 100vw, 1024px" /></a></figure>



<figure class="wp-block-image size-large"><a href="https://fundaciongottau.org.ar/comunicacion/wp-content/uploads/2025/04/Mesa-de-trabajo-4.png"><img decoding="async" loading="lazy" width="1024" height="853" data-id="1652"  src="https://fundaciongottau.org.ar/comunicacion/wp-content/uploads/2025/04/Mesa-de-trabajo-4-1024x853.png" alt="" class="wp-image-1652" srcset="https://fundaciongottau.org.ar/comunicacion/wp-content/uploads/2025/04/Mesa-de-trabajo-4-1024x853.png 1024w, https://fundaciongottau.org.ar/comunicacion/wp-content/uploads/2025/04/Mesa-de-trabajo-4-300x250.png 300w, https://fundaciongottau.org.ar/comunicacion/wp-content/uploads/2025/04/Mesa-de-trabajo-4-768x640.png 768w, https://fundaciongottau.org.ar/comunicacion/wp-content/uploads/2025/04/Mesa-de-trabajo-4.png 1080w" sizes="(max-width: 1024px) 100vw, 1024px" /></a></figure>



<figure class="wp-block-image size-large"><a href="https://fundaciongottau.org.ar/comunicacion/wp-content/uploads/2025/04/Mesa-de-trabajo-5.png"><img decoding="async" loading="lazy" width="1024" height="853" data-id="1653"  src="https://fundaciongottau.org.ar/comunicacion/wp-content/uploads/2025/04/Mesa-de-trabajo-5-1024x853.png" alt="" class="wp-image-1653" srcset="https://fundaciongottau.org.ar/comunicacion/wp-content/uploads/2025/04/Mesa-de-trabajo-5-1024x853.png 1024w, https://fundaciongottau.org.ar/comunicacion/wp-content/uploads/2025/04/Mesa-de-trabajo-5-300x250.png 300w, https://fundaciongottau.org.ar/comunicacion/wp-content/uploads/2025/04/Mesa-de-trabajo-5-768x640.png 768w, https://fundaciongottau.org.ar/comunicacion/wp-content/uploads/2025/04/Mesa-de-trabajo-5.png 1080w" sizes="(max-width: 1024px) 100vw, 1024px" /></a></figure>



<figure class="wp-block-image size-large"><a href="https://fundaciongottau.org.ar/comunicacion/wp-content/uploads/2025/04/Mesa-de-trabajo-8.png"><img decoding="async" loading="lazy" width="1024" height="853" data-id="1656"  src="https://fundaciongottau.org.ar/comunicacion/wp-content/uploads/2025/04/Mesa-de-trabajo-8-1024x853.png" alt="" class="wp-image-1656" srcset="https://fundaciongottau.org.ar/comunicacion/wp-content/uploads/2025/04/Mesa-de-trabajo-8-1024x853.png 1024w, https://fundaciongottau.org.ar/comunicacion/wp-content/uploads/2025/04/Mesa-de-trabajo-8-300x250.png 300w, https://fundaciongottau.org.ar/comunicacion/wp-content/uploads/2025/04/Mesa-de-trabajo-8-768x640.png 768w, https://fundaciongottau.org.ar/comunicacion/wp-content/uploads/2025/04/Mesa-de-trabajo-8.png 1080w" sizes="(max-width: 1024px) 100vw, 1024px" /></a></figure>
</figure>



<div style="height:41px" aria-hidden="true" class="wp-block-spacer"></div>



<p class="has-medium-font-size">Los recursos propios para la construcción de este salón de 18 metros por 7 metros son imposibles de adquirir por la comunidad local, aunque el trabajo o mano de obra si es posible procurar con el aporte local ya que muchos hombres son constructores y con conocimientos para este fin.</p>



<p class="has-medium-font-size">En el barrio se cuenta con servicios dispersos y otros que al tener espacio propio se podrán optimizar y profundizar como <strong>apoyo escolar para niños y adolescentes con dificultades en el aprendizaje</strong>, <strong>nutrición y cuidado de niños con comedor o merendero infantil</strong> y <strong>actividades terapéuticas, catequesis y encuentros comunitarios de formación</strong>, <strong>contención de adolescentes y jóvenes</strong> con grupos y <strong>talleres de interés </strong>en <strong>actividades artísticas y culturales</strong>, encuentros comunitarios de familias para la atención de las adicciones, violencia de género, calidad de vida, vínculos interpersonales etc. </p>



<p class="has-medium-font-size">Se considera que el beneficio para el sector será grande y que ayudará a irradiar soluciones alternativas a problemáticas que se presentan en el entorno y que nos son atendidas adecuadamente por la insuficiencia de infraestructura.</p>



<div style="height:41px" aria-hidden="true" class="wp-block-spacer"></div>



<figure class="wp-block-image size-large"><a href="https://fundaciongottau.org.ar/comunicacion/wp-content/uploads/2025/04/Mesa-de-trabajo-7-2.png"><img decoding="async" loading="lazy" width="1024" height="853" src="https://fundaciongottau.org.ar/comunicacion/wp-content/uploads/2025/04/Mesa-de-trabajo-7-2-1024x853.png" alt="" class="wp-image-1660" srcset="https://fundaciongottau.org.ar/comunicacion/wp-content/uploads/2025/04/Mesa-de-trabajo-7-2-1024x853.png 1024w, https://fundaciongottau.org.ar/comunicacion/wp-content/uploads/2025/04/Mesa-de-trabajo-7-2-300x250.png 300w, https://fundaciongottau.org.ar/comunicacion/wp-content/uploads/2025/04/Mesa-de-trabajo-7-2-768x640.png 768w, https://fundaciongottau.org.ar/comunicacion/wp-content/uploads/2025/04/Mesa-de-trabajo-7-2.png 1080w" sizes="(max-width: 1024px) 100vw, 1024px" /></a></figure>

<p>Doná para el PROYECTO CENTRO COMUNITARIO DE ENCUENTRO Y CUIDADOS SAN GERARDO . BARRIO LA LEÑERA. El CENTRO COMUNITARIO DE ENCUENTRO Y CUIDADOS – SAN GERARDO es un lugar o espacio donde se realizarán diferentes actividades comunitarias en un sector de mucha pobreza y vulnerabilidad en un barrio periférico de la ciudad de Añatuya llamado [&hellip;]</p>
