{"id":1229,"date":"2025-04-04T10:50:19","date_gmt":"2025-04-04T13:50:19","guid":{"rendered":"https:\/\/fundaciongottau.org.ar\/comunicacion\/?page_id=1229"},"modified":"2025-04-08T22:07:12","modified_gmt":"2025-04-09T01:07:12","slug":"historia-mons-gottau","status":"publish","type":"page","link":"https:\/\/fundaciongottau.org.ar\/comunicacion\/contacto\/historia-mons-gottau\/","title":{"rendered":"Historia Monse\u00f1or Gottau"},"content":{"rendered":"\n<h2 class=\"wp-block-heading has-text-color\" style=\"color:#25528b\">La vida<\/h2>\n\n\n\n<p class=\"has-medium-font-size\">Jorge Gottau naci\u00f3 en Esteban Gasc\u00f3n, provincia de Buenos Aires, el 23 de Mayo de 1917 en el seno de la familia formada por Jos\u00e9 Gottau y Juliana Bahl, inmigrantes alemanes del Volga, tuvo 15 hermanos. Curs\u00f3 la escuela primaria en el colegio del Ni\u00f1o Jes\u00fas de la colonia San Miguel Arcangel. Desde peque\u00f1o sinti\u00f3 su vocaci\u00f3n sacerdotal, a los 11 a\u00f1os de edad dej\u00f3 su casa para ingresar al seminario menor de los Padres Redentoristas en Bella Vista. All\u00ed comenz\u00f3 el camino que lo llevar\u00eda a ser un misionero incansable y un verdadero padre de los pobres.<\/p>\n\n\n\n<p class=\"has-medium-font-size\">A principios de 1937, pas\u00f3 al noviciado en Manuel Ocampo, cerca de Pergamino. Luego de un a\u00f1o hizo sus primeros votos religiosos en la <b>Congregaci\u00f3n del Sant\u00edsimo Redentor<\/b>. Tres d\u00edas m\u00e1s tarde se traslad\u00f3 al seminario de Villa Allende, C\u00f3rdoba, donde completar\u00eda sus estudios de Filosof\u00eda y Teolog\u00eda. All\u00ed descubri\u00f3 los dones que Dios le hab\u00eda regalado para cumplir la misi\u00f3n encomendada.<\/p>\n\n\n\n<p><\/p>\n\n\n\n<p class=\"has-medium-font-size\">El 19 de Octubre de 1942, en Villa Allende, recibi\u00f3 el <b>sacramento del Orden Sagrado<\/b>. Su primera Misa la celebr\u00f3 en la localidad de Santa Teresa, en La Pampa. En Julio de 1944 lleg\u00f3 a la parroquia Nuestra Se\u00f1ora del Perpetuo Socorro de Darregueira para desempe\u00f1arse como sacerdote misionero hasta 1955 cuando asumi\u00f3 como p\u00e1rroco. Al poco tiempo, en 1956, fue electo <b>Superior Provincial de los Padres Redentoristas de Argentina<\/b>.<\/p>\n\n\n\n<p class=\"has-medium-font-size\">Durante el a\u00f1o 1961 la Santa Sede cre\u00f3 varias di\u00f3cesis en nuestro pa\u00eds, entre ellas la de A\u00f1atuya, en la provincia de Santiago del Estero. La zona de A\u00f1atuya era muy pobre en recursos y medios, pero era m\u00e1s pobre a\u00fan en lo espiritual y religioso. Se necesitaba un obispo aut\u00e9nticamente misionero, y el Papa Juan XXIII encontr\u00f3 en Jorge Gottau a la persona indicada. Recibi\u00f3 la Consagraci\u00f3n Episcopal de manos del cardenal Caggiano en la parroquia Nuestra Se\u00f1ora de las Victoria, en Buenos Aires, el d\u00eda 27 de Agosto de 1961. El 1ro. de Octubre de ese mismo a\u00f1o se hizo cargo de su di\u00f3cesis.<\/p>\n\n\n<div class=\"wp-block-image\">\n<figure class=\"aligncenter size-large is-resized\"><a href=\"https:\/\/fundaciongottau.org.ar\/comunicacion\/wp-content\/uploads\/2025\/04\/caritasanatuya-1-scaled.jpg\"><img decoding=\"async\" loading=\"lazy\" src=\"https:\/\/fundaciongottau.org.ar\/comunicacion\/wp-content\/uploads\/2025\/04\/caritasanatuya-1-1024x723.jpg\" alt=\"\" class=\"wp-image-1237\" width=\"768\" height=\"542\" srcset=\"https:\/\/fundaciongottau.org.ar\/comunicacion\/wp-content\/uploads\/2025\/04\/caritasanatuya-1-1024x723.jpg 1024w, https:\/\/fundaciongottau.org.ar\/comunicacion\/wp-content\/uploads\/2025\/04\/caritasanatuya-1-300x212.jpg 300w, https:\/\/fundaciongottau.org.ar\/comunicacion\/wp-content\/uploads\/2025\/04\/caritasanatuya-1-768x542.jpg 768w, https:\/\/fundaciongottau.org.ar\/comunicacion\/wp-content\/uploads\/2025\/04\/caritasanatuya-1-1536x1085.jpg 1536w, https:\/\/fundaciongottau.org.ar\/comunicacion\/wp-content\/uploads\/2025\/04\/caritasanatuya-1-2048x1446.jpg 2048w\" sizes=\"(max-width: 768px) 100vw, 768px\" \/><\/a><\/figure><\/div>\n\n\n<p class=\"has-medium-font-size\">Recibi\u00f3 una di\u00f3cesis que contaba s\u00f3lo con 7 parroquias y 7 sacerdotes para atender 120.000 habitantes desperdigados en 68.000 Km2.<strong>&nbsp;&nbsp;<\/strong>Al llegar a A\u00f1atuya, acompa\u00f1ado por el padre Emilio de Elejalde, recorri\u00f3 toda la di\u00f3cesis e inmediatamente se dedic\u00f3 a conseguir recursos econ\u00f3micos y colaboradores para desarrollar una obra magn\u00edfica que llen\u00f3 de esperanza a todos los habitantes de la regi\u00f3n del chaco santiague\u00f1o.<\/p>\n\n\n\n<p class=\"has-medium-font-size\">Recibi\u00f3 apoyo de di\u00f3cesis e instituciones de Alemania y de muchas parroquias de Buenos Aires, adem\u00e1s cosech\u00f3 agentes de pastoral en Europa y Latinoam\u00e9rica. <b>Durante los 31 a\u00f1os de ministerio episcopal cre\u00f3 15 parroquias y m\u00e1s de 300 capillas, con la colaboraci\u00f3n de 30 sacerdotes, 150 religiosas y gran cantidad de religiosos y laicos.<\/b><\/p>\n\n\n\n<p class=\"has-medium-font-size\">Tambi\u00e9n cre\u00f3 25 centros educativos, contando entre ellos primarios, secundarios, terciarios, agrot\u00e9cnicos, centros de capacitaci\u00f3n laboral, talleres, una escuela de educaci\u00f3n especial, etc. Adem\u00e1s cre\u00f3 6 hogares, uno para ni\u00f1os, tres de ancianos y dos de discapacitados. Promovi\u00f3 cooperativas y el denominado <b>\u00abProyecto del Salado\u00bb<\/b> que benefici\u00f3 a cientos de productores. Gestion\u00f3 la construcci\u00f3n de canales de riego y la construcci\u00f3n de aljibes y postas sanitarias. Cre\u00f3 un plan de viviendas para erradicar las viviendas rancho, en las que se reproducen las vinchucas. Tambi\u00e9n cre\u00f3 delegaciones de C\u00e1ritas y comedores en todas las parroquias. Adem\u00e1s se crearon tres radios, un centro deportivo y un centro cultural.<\/p>\n\n\n\n<p class=\"has-medium-font-size\">Trascendiendo las fronteras de su di\u00f3cesis, en el a\u00f1o 1970, cre\u00f3 la colecta nacional \u00ab<strong>M\u00e1s por menos<\/strong>\u00bb destinada a las di\u00f3cesis m\u00e1s necesitadas de nuestro pa\u00eds, constituyendo una puesta en com\u00fan de los bienes entre los cristianos argentinos para que los que tienen M\u00c1S ayuden a los que tienen MENOS.<\/p>\n\n\n<div class=\"wp-block-image\">\n<figure class=\"aligncenter size-large is-resized\"><a href=\"https:\/\/fundaciongottau.org.ar\/comunicacion\/wp-content\/uploads\/2025\/04\/maspormenos.jpg\"><img decoding=\"async\" loading=\"lazy\" src=\"https:\/\/fundaciongottau.org.ar\/comunicacion\/wp-content\/uploads\/2025\/04\/maspormenos-1024x720.jpg\" alt=\"\" class=\"wp-image-1290\" width=\"768\" height=\"540\" srcset=\"https:\/\/fundaciongottau.org.ar\/comunicacion\/wp-content\/uploads\/2025\/04\/maspormenos-1024x720.jpg 1024w, https:\/\/fundaciongottau.org.ar\/comunicacion\/wp-content\/uploads\/2025\/04\/maspormenos-300x211.jpg 300w, https:\/\/fundaciongottau.org.ar\/comunicacion\/wp-content\/uploads\/2025\/04\/maspormenos-768x540.jpg 768w, https:\/\/fundaciongottau.org.ar\/comunicacion\/wp-content\/uploads\/2025\/04\/maspormenos-1536x1080.jpg 1536w, https:\/\/fundaciongottau.org.ar\/comunicacion\/wp-content\/uploads\/2025\/04\/maspormenos.jpg 1750w\" sizes=\"(max-width: 768px) 100vw, 768px\" \/><\/a><\/figure><\/div>\n\n\n<p class=\"has-medium-font-size\">Monse\u00f1or Jorge Gottau renunci\u00f3 por edad a la di\u00f3cesis de A\u00f1atuya el d\u00eda 19 de Diciembre de 1992. &nbsp;Dej\u00f3 la di\u00f3cesis en una emotiva despedida en la que<strong> fue nombrado \u00abciudadano ilustre\u00bb\u00bb por el Gobierno de Santiago del Estero<\/strong>, en reconocimiento a su extensa labor realizada. Falleci\u00f3 el 24 de Abril de 1994, a los 77 a\u00f1os, en la Ciudad de Buenos Aires. Actualmente sus restos descansan en la catedral de A\u00f1atuya.<\/p>\n\n\n\n<div class=\"wp-block-buttons is-vertical is-content-justification-center is-layout-flex wp-container-1\">\n<div class=\"wp-block-button\"><a class=\"wp-block-button__link has-white-color has-text-color has-background has-text-align-right wp-element-button\" href=\"https:\/\/fundaciongottau.org.ar\/comunicacion\/\" style=\"background-color:#25528b\"><img decoding=\"async\" loading=\"lazy\" width=\"324\" height=\"324\" class=\"wp-image-1257\" style=\"width: 26px;\" src=\"https:\/\/fundaciongottau.org.ar\/comunicacion\/wp-content\/uploads\/2025\/04\/icon-home.png\" alt=\"\" srcset=\"https:\/\/fundaciongottau.org.ar\/comunicacion\/wp-content\/uploads\/2025\/04\/icon-home.png 324w, https:\/\/fundaciongottau.org.ar\/comunicacion\/wp-content\/uploads\/2025\/04\/icon-home-300x300.png 300w, https:\/\/fundaciongottau.org.ar\/comunicacion\/wp-content\/uploads\/2025\/04\/icon-home-150x150.png 150w\" sizes=\"(max-width: 324px) 100vw, 324px\" \/> Volver a inicio<\/a><\/div>\n<\/div>\n\n\n\n<p><\/p>\n","protected":false},"excerpt":{"rendered":"<p>La vida Jorge Gottau naci\u00f3 en Esteban Gasc\u00f3n, provincia de Buenos Aires, el 23 de Mayo de 1917 en el seno de la familia formada por Jos\u00e9 Gottau y Juliana Bahl, inmigrantes alemanes del Volga, tuvo 15 hermanos. Curs\u00f3 la escuela primaria en el colegio del Ni\u00f1o Jes\u00fas de la colonia San Miguel Arcangel. Desde [&hellip;]<\/p>\n","protected":false},"author":1,"featured_media":1154,"parent":69,"menu_order":0,"comment_status":"closed","ping_status":"closed","template":"","meta":[],"_links":{"self":[{"href":"https:\/\/fundaciongottau.org.ar\/comunicacion\/wp-json\/wp\/v2\/pages\/1229"}],"collection":[{"href":"https:\/\/fundaciongottau.org.ar\/comunicacion\/wp-json\/wp\/v2\/pages"}],"about":[{"href":"https:\/\/fundaciongottau.org.ar\/comunicacion\/wp-json\/wp\/v2\/types\/page"}],"author":[{"embeddable":true,"href":"https:\/\/fundaciongottau.org.ar\/comunicacion\/wp-json\/wp\/v2\/users\/1"}],"replies":[{"embeddable":true,"href":"https:\/\/fundaciongottau.org.ar\/comunicacion\/wp-json\/wp\/v2\/comments?post=1229"}],"version-history":[{"count":18,"href":"https:\/\/fundaciongottau.org.ar\/comunicacion\/wp-json\/wp\/v2\/pages\/1229\/revisions"}],"predecessor-version":[{"id":1292,"href":"https:\/\/fundaciongottau.org.ar\/comunicacion\/wp-json\/wp\/v2\/pages\/1229\/revisions\/1292"}],"up":[{"embeddable":true,"href":"https:\/\/fundaciongottau.org.ar\/comunicacion\/wp-json\/wp\/v2\/pages\/69"}],"wp:featuredmedia":[{"embeddable":true,"href":"https:\/\/fundaciongottau.org.ar\/comunicacion\/wp-json\/wp\/v2\/media\/1154"}],"wp:attachment":[{"href":"https:\/\/fundaciongottau.org.ar\/comunicacion\/wp-json\/wp\/v2\/media?parent=1229"}],"curies":[{"name":"wp","href":"https:\/\/api.w.org\/{rel}","templated":true}]}}

Historia Monseñor Gottau

<h2 class="wp-block-heading has-text-color" style="color:#25528b">La vida</h2>



<p class="has-medium-font-size">Jorge Gottau nació en Esteban Gascón, provincia de Buenos Aires, el 23 de Mayo de 1917 en el seno de la familia formada por José Gottau y Juliana Bahl, inmigrantes alemanes del Volga, tuvo 15 hermanos. Cursó la escuela primaria en el colegio del Niño Jesús de la colonia San Miguel Arcangel. Desde pequeño sintió su vocación sacerdotal, a los 11 años de edad dejó su casa para ingresar al seminario menor de los Padres Redentoristas en Bella Vista. Allí comenzó el camino que lo llevaría a ser un misionero incansable y un verdadero padre de los pobres.</p>



<p class="has-medium-font-size">A principios de 1937, pasó al noviciado en Manuel Ocampo, cerca de Pergamino. Luego de un año hizo sus primeros votos religiosos en la <b>Congregación del Santísimo Redentor</b>. Tres días más tarde se trasladó al seminario de Villa Allende, Córdoba, donde completaría sus estudios de Filosofía y Teología. Allí descubrió los dones que Dios le había regalado para cumplir la misión encomendada.</p>



<p></p>



<p class="has-medium-font-size">El 19 de Octubre de 1942, en Villa Allende, recibió el <b>sacramento del Orden Sagrado</b>. Su primera Misa la celebró en la localidad de Santa Teresa, en La Pampa. En Julio de 1944 llegó a la parroquia Nuestra Señora del Perpetuo Socorro de Darregueira para desempeñarse como sacerdote misionero hasta 1955 cuando asumió como párroco. Al poco tiempo, en 1956, fue electo <b>Superior Provincial de los Padres Redentoristas de Argentina</b>.</p>



<p class="has-medium-font-size">Durante el año 1961 la Santa Sede creó varias diócesis en nuestro país, entre ellas la de Añatuya, en la provincia de Santiago del Estero. La zona de Añatuya era muy pobre en recursos y medios, pero era más pobre aún en lo espiritual y religioso. Se necesitaba un obispo auténticamente misionero, y el Papa Juan XXIII encontró en Jorge Gottau a la persona indicada. Recibió la Consagración Episcopal de manos del cardenal Caggiano en la parroquia Nuestra Señora de las Victoria, en Buenos Aires, el día 27 de Agosto de 1961. El 1ro. de Octubre de ese mismo año se hizo cargo de su diócesis.</p>


<div class="wp-block-image">
<figure class="aligncenter size-large is-resized"><a href="https://fundaciongottau.org.ar/comunicacion/wp-content/uploads/2025/04/caritasanatuya-1-scaled.jpg"><img decoding="async" loading="lazy" src="https://fundaciongottau.org.ar/comunicacion/wp-content/uploads/2025/04/caritasanatuya-1-1024x723.jpg" alt="" class="wp-image-1237" width="768" height="542" srcset="https://fundaciongottau.org.ar/comunicacion/wp-content/uploads/2025/04/caritasanatuya-1-1024x723.jpg 1024w, https://fundaciongottau.org.ar/comunicacion/wp-content/uploads/2025/04/caritasanatuya-1-300x212.jpg 300w, https://fundaciongottau.org.ar/comunicacion/wp-content/uploads/2025/04/caritasanatuya-1-768x542.jpg 768w, https://fundaciongottau.org.ar/comunicacion/wp-content/uploads/2025/04/caritasanatuya-1-1536x1085.jpg 1536w, https://fundaciongottau.org.ar/comunicacion/wp-content/uploads/2025/04/caritasanatuya-1-2048x1446.jpg 2048w" sizes="(max-width: 768px) 100vw, 768px" /></a></figure></div>


<p class="has-medium-font-size">Recibió una diócesis que contaba sólo con 7 parroquias y 7 sacerdotes para atender 120.000 habitantes desperdigados en 68.000 Km2.<strong>&nbsp;&nbsp;</strong>Al llegar a Añatuya, acompañado por el padre Emilio de Elejalde, recorrió toda la diócesis e inmediatamente se dedicó a conseguir recursos económicos y colaboradores para desarrollar una obra magnífica que llenó de esperanza a todos los habitantes de la región del chaco santiagueño.</p>



<p class="has-medium-font-size">Recibió apoyo de diócesis e instituciones de Alemania y de muchas parroquias de Buenos Aires, además cosechó agentes de pastoral en Europa y Latinoamérica. <b>Durante los 31 años de ministerio episcopal creó 15 parroquias y más de 300 capillas, con la colaboración de 30 sacerdotes, 150 religiosas y gran cantidad de religiosos y laicos.</b></p>



<p class="has-medium-font-size">También creó 25 centros educativos, contando entre ellos primarios, secundarios, terciarios, agrotécnicos, centros de capacitación laboral, talleres, una escuela de educación especial, etc. Además creó 6 hogares, uno para niños, tres de ancianos y dos de discapacitados. Promovió cooperativas y el denominado <b>«Proyecto del Salado»</b> que benefició a cientos de productores. Gestionó la construcción de canales de riego y la construcción de aljibes y postas sanitarias. Creó un plan de viviendas para erradicar las viviendas rancho, en las que se reproducen las vinchucas. También creó delegaciones de Cáritas y comedores en todas las parroquias. Además se crearon tres radios, un centro deportivo y un centro cultural.</p>



<p class="has-medium-font-size">Trascendiendo las fronteras de su diócesis, en el año 1970, creó la colecta nacional «<strong>Más por menos</strong>» destinada a las diócesis más necesitadas de nuestro país, constituyendo una puesta en común de los bienes entre los cristianos argentinos para que los que tienen MÁS ayuden a los que tienen MENOS.</p>


<div class="wp-block-image">
<figure class="aligncenter size-large is-resized"><a href="https://fundaciongottau.org.ar/comunicacion/wp-content/uploads/2025/04/maspormenos.jpg"><img decoding="async" loading="lazy" src="https://fundaciongottau.org.ar/comunicacion/wp-content/uploads/2025/04/maspormenos-1024x720.jpg" alt="" class="wp-image-1290" width="768" height="540" srcset="https://fundaciongottau.org.ar/comunicacion/wp-content/uploads/2025/04/maspormenos-1024x720.jpg 1024w, https://fundaciongottau.org.ar/comunicacion/wp-content/uploads/2025/04/maspormenos-300x211.jpg 300w, https://fundaciongottau.org.ar/comunicacion/wp-content/uploads/2025/04/maspormenos-768x540.jpg 768w, https://fundaciongottau.org.ar/comunicacion/wp-content/uploads/2025/04/maspormenos-1536x1080.jpg 1536w, https://fundaciongottau.org.ar/comunicacion/wp-content/uploads/2025/04/maspormenos.jpg 1750w" sizes="(max-width: 768px) 100vw, 768px" /></a></figure></div>


<p class="has-medium-font-size">Monseñor Jorge Gottau renunció por edad a la diócesis de Añatuya el día 19 de Diciembre de 1992. &nbsp;Dejó la diócesis en una emotiva despedida en la que<strong> fue nombrado «ciudadano ilustre»» por el Gobierno de Santiago del Estero</strong>, en reconocimiento a su extensa labor realizada. Falleció el 24 de Abril de 1994, a los 77 años, en la Ciudad de Buenos Aires. Actualmente sus restos descansan en la catedral de Añatuya.</p>



<div class="wp-block-buttons is-vertical is-content-justification-center is-layout-flex wp-container-1">
<div class="wp-block-button"><a class="wp-block-button__link has-white-color has-text-color has-background has-text-align-right wp-element-button" href="https://fundaciongottau.org.ar/comunicacion/" style="background-color:#25528b"><img decoding="async" loading="lazy" width="324" height="324" class="wp-image-1257" style="width: 26px;" src="https://fundaciongottau.org.ar/comunicacion/wp-content/uploads/2025/04/icon-home.png" alt="" srcset="https://fundaciongottau.org.ar/comunicacion/wp-content/uploads/2025/04/icon-home.png 324w, https://fundaciongottau.org.ar/comunicacion/wp-content/uploads/2025/04/icon-home-300x300.png 300w, https://fundaciongottau.org.ar/comunicacion/wp-content/uploads/2025/04/icon-home-150x150.png 150w" sizes="(max-width: 324px) 100vw, 324px" /> Volver a inicio</a></div>
</div>



<p></p>

<p>La vida Jorge Gottau nació en Esteban Gascón, provincia de Buenos Aires, el 23 de Mayo de 1917 en el seno de la familia formada por José Gottau y Juliana Bahl, inmigrantes alemanes del Volga, tuvo 15 hermanos. Cursó la escuela primaria en el colegio del Niño Jesús de la colonia San Miguel Arcangel. Desde [&hellip;]</p>
