{"id":825,"date":"2019-09-30T19:14:33","date_gmt":"2019-09-30T22:14:33","guid":{"rendered":"http:\/\/fundaciongottau.org.ar\/comunicacion\/?page_id=825"},"modified":"2025-04-04T11:18:17","modified_gmt":"2025-04-04T14:18:17","slug":"historia-mons-gottau-2","status":"publish","type":"page","link":"https:\/\/fundaciongottau.org.ar\/comunicacion\/historia-mons-gottau-2\/","title":{"rendered":"Historia"},"content":{"rendered":"<p>La di\u00f3cesis de A\u00f1atuya fue creada el 10 de abril de 1961 por el Papa Juan XXIII. Fue reconocida como tal por el Gobierno Nacional el 18 de Septiembre de 1961, mediante el Decreto-ley N\u00b0 8328<\/p>\n<p>El primer obispo fue Monse\u00f1or Jorge Gottau (CSsR), sacerdote redentorista. Tom\u00f3 posesi\u00f3n el primero de octubre de ese mismo a\u00f1o y estuvo al frente de la di\u00f3cesis hasta el 19 de diciembre de 1992. Falleci\u00f3 el 24 de abril de 1994.<a href=\"https:\/\/fundaciongottau.org.ar\/comunicacion\/wp-content\/uploads\/2019\/09\/WhatsApp-Image-2019-09-30-at-19.33.57.jpeg\"><br \/>\n<\/a><\/p>\n<figure id=\"attachment_829\" aria-describedby=\"caption-attachment-829\" style=\"width: 366px\" class=\"wp-caption aligncenter\"><a href=\"https:\/\/fundaciongottau.org.ar\/comunicacion\/wp-content\/uploads\/2019\/09\/WhatsApp-Image-2019-09-30-at-19.33.57.jpeg\"><img decoding=\"async\" loading=\"lazy\" class=\"wp-image-829 size-large\" src=\"https:\/\/fundaciongottau.org.ar\/comunicacion\/wp-content\/uploads\/2019\/09\/WhatsApp-Image-2019-09-30-at-19.33.57-366x1024.jpeg\" alt=\"A\u00f1atuya\" width=\"366\" height=\"1024\" srcset=\"https:\/\/fundaciongottau.org.ar\/comunicacion\/wp-content\/uploads\/2019\/09\/WhatsApp-Image-2019-09-30-at-19.33.57-366x1024.jpeg 366w, https:\/\/fundaciongottau.org.ar\/comunicacion\/wp-content\/uploads\/2019\/09\/WhatsApp-Image-2019-09-30-at-19.33.57-107x300.jpeg 107w, https:\/\/fundaciongottau.org.ar\/comunicacion\/wp-content\/uploads\/2019\/09\/WhatsApp-Image-2019-09-30-at-19.33.57.jpeg 457w\" sizes=\"(max-width: 366px) 100vw, 366px\" \/><\/a><figcaption id=\"caption-attachment-829\" class=\"wp-caption-text\">Nota del diario El Liberal, escrita en 1961 por la llegada de Mons. Gottau<\/figcaption><\/figure>\n<p>El segundo obispo fue Monse\u00f1or Antonio Baseotto (CSsR), tambi\u00e9n redentorista, quien asumi\u00f3 el 20 de diciembre de 1992 y rigi\u00f3 pastoralmente la di\u00f3cesis hasta el 19 de diciembre de 2002, fecha en que tom\u00f3 posesi\u00f3n del Obispado Castrense.<\/p>\n<p>Monse\u00f1or Adolfo Armando Uriona (fdp), sacerdote de la Obra Don Orione, fue el tercer obispo, tom\u00f3 pocesi\u00f3n el 29 de mayo de 2004, y estuvo al frente de la di\u00f3cesis hasta 2014, a\u00f1o en que fue designado obispo de Rio IV.<\/p>\n<p>El 17 de octubre de 2015 el Papa Francisco nombr\u00f3 a Jos\u00e9 Melit\u00f3n Ch\u00e1vez como nuevo obispo de la di\u00f3cesis y el 4 de diciembre fue ordenado obispo y tom\u00f3 posesi\u00f3n.<\/p>\n<p>En 2019 Jose Luis Corral es nombrado coadjutor del obispado de A\u00f1atuya.<\/p>\n<p>La di\u00f3cesis, ubicada al este de la provincia de Santiago del Estero, comprende los departamentos de Copo, Alberdi, Mariano Moreno, Juan Felipe Ibarra (antes Matar\u00e1), Figueroa (E), Taboada y Belgrano.<\/p>\n<p>A la llegada de Monse\u00f1or Gottau encontr\u00f3 7 parroquias con 1 sacerdote en cada una de ellas y ning\u00fan religioso o religiosa. Hoy cuenta con 22 parroquias, una cuasi-parroquia, 33 sacerdotes y alrededor de 150 religiosos y religiosas.<a href=\"https:\/\/fundaciongottau.org.ar\/comunicacion\/wp-content\/uploads\/2019\/09\/WhatsApp-Image-2019-09-30-at-19.33.57.jpeg\"><br \/>\n<\/a><\/p>\n","protected":false},"excerpt":{"rendered":"<p>La di\u00f3cesis de A\u00f1atuya fue creada el 10 de abril de 1961 por el Papa Juan XXIII. Fue reconocida como tal por el Gobierno Nacional el 18 de Septiembre de 1961, mediante el Decreto-ley N\u00b0 8328 El primer obispo fue Monse\u00f1or Jorge Gottau (CSsR), sacerdote redentorista. Tom\u00f3 posesi\u00f3n el primero de octubre de ese mismo [&hellip;]<\/p>\n","protected":false},"author":1,"featured_media":0,"parent":0,"menu_order":0,"comment_status":"closed","ping_status":"closed","template":"","meta":[],"_links":{"self":[{"href":"https:\/\/fundaciongottau.org.ar\/comunicacion\/wp-json\/wp\/v2\/pages\/825"}],"collection":[{"href":"https:\/\/fundaciongottau.org.ar\/comunicacion\/wp-json\/wp\/v2\/pages"}],"about":[{"href":"https:\/\/fundaciongottau.org.ar\/comunicacion\/wp-json\/wp\/v2\/types\/page"}],"author":[{"embeddable":true,"href":"https:\/\/fundaciongottau.org.ar\/comunicacion\/wp-json\/wp\/v2\/users\/1"}],"replies":[{"embeddable":true,"href":"https:\/\/fundaciongottau.org.ar\/comunicacion\/wp-json\/wp\/v2\/comments?post=825"}],"version-history":[{"count":4,"href":"https:\/\/fundaciongottau.org.ar\/comunicacion\/wp-json\/wp\/v2\/pages\/825\/revisions"}],"predecessor-version":[{"id":1101,"href":"https:\/\/fundaciongottau.org.ar\/comunicacion\/wp-json\/wp\/v2\/pages\/825\/revisions\/1101"}],"wp:attachment":[{"href":"https:\/\/fundaciongottau.org.ar\/comunicacion\/wp-json\/wp\/v2\/media?parent=825"}],"curies":[{"name":"wp","href":"https:\/\/api.w.org\/{rel}","templated":true}]}}

<p>La diócesis de Añatuya fue creada el 10 de abril de 1961 por el Papa Juan XXIII. Fue reconocida como tal por el Gobierno Nacional el 18 de Septiembre de 1961, mediante el Decreto-ley N° 8328</p>
<p>El primer obispo fue Monseñor Jorge Gottau (CSsR), sacerdote redentorista. Tomó posesión el primero de octubre de ese mismo año y estuvo al frente de la diócesis hasta el 19 de diciembre de 1992. Falleció el 24 de abril de 1994.<a href="https://fundaciongottau.org.ar/comunicacion/wp-content/uploads/2019/09/WhatsApp-Image-2019-09-30-at-19.33.57.jpeg"><br />
</a></p>
<figure id="attachment_829" aria-describedby="caption-attachment-829" style="width: 366px" class="wp-caption aligncenter"><a href="https://fundaciongottau.org.ar/comunicacion/wp-content/uploads/2019/09/WhatsApp-Image-2019-09-30-at-19.33.57.jpeg"><img decoding="async" loading="lazy" class="wp-image-829 size-large" src="https://fundaciongottau.org.ar/comunicacion/wp-content/uploads/2019/09/WhatsApp-Image-2019-09-30-at-19.33.57-366x1024.jpeg" alt="Añatuya" width="366" height="1024" srcset="https://fundaciongottau.org.ar/comunicacion/wp-content/uploads/2019/09/WhatsApp-Image-2019-09-30-at-19.33.57-366x1024.jpeg 366w, https://fundaciongottau.org.ar/comunicacion/wp-content/uploads/2019/09/WhatsApp-Image-2019-09-30-at-19.33.57-107x300.jpeg 107w, https://fundaciongottau.org.ar/comunicacion/wp-content/uploads/2019/09/WhatsApp-Image-2019-09-30-at-19.33.57.jpeg 457w" sizes="(max-width: 366px) 100vw, 366px" /></a><figcaption id="caption-attachment-829" class="wp-caption-text">Nota del diario El Liberal, escrita en 1961 por la llegada de Mons. Gottau</figcaption></figure>
<p>El segundo obispo fue Monseñor Antonio Baseotto (CSsR), también redentorista, quien asumió el 20 de diciembre de 1992 y rigió pastoralmente la diócesis hasta el 19 de diciembre de 2002, fecha en que tomó posesión del Obispado Castrense.</p>
<p>Monseñor Adolfo Armando Uriona (fdp), sacerdote de la Obra Don Orione, fue el tercer obispo, tomó pocesión el 29 de mayo de 2004, y estuvo al frente de la diócesis hasta 2014, año en que fue designado obispo de Rio IV.</p>
<p>El 17 de octubre de 2015 el Papa Francisco nombró a José Melitón Chávez como nuevo obispo de la diócesis y el 4 de diciembre fue ordenado obispo y tomó posesión.</p>
<p>En 2019 Jose Luis Corral es nombrado coadjutor del obispado de Añatuya.</p>
<p>La diócesis, ubicada al este de la provincia de Santiago del Estero, comprende los departamentos de Copo, Alberdi, Mariano Moreno, Juan Felipe Ibarra (antes Matará), Figueroa (E), Taboada y Belgrano.</p>
<p>A la llegada de Monseñor Gottau encontró 7 parroquias con 1 sacerdote en cada una de ellas y ningún religioso o religiosa. Hoy cuenta con 22 parroquias, una cuasi-parroquia, 33 sacerdotes y alrededor de 150 religiosos y religiosas.<a href="https://fundaciongottau.org.ar/comunicacion/wp-content/uploads/2019/09/WhatsApp-Image-2019-09-30-at-19.33.57.jpeg"><br />
</a></p>

<p>La diócesis de Añatuya fue creada el 10 de abril de 1961 por el Papa Juan XXIII. Fue reconocida como tal por el Gobierno Nacional el 18 de Septiembre de 1961, mediante el Decreto-ley N° 8328 El primer obispo fue Monseñor Jorge Gottau (CSsR), sacerdote redentorista. Tomó posesión el primero de octubre de ese mismo [&hellip;]</p>
