{"id":9,"date":"2014-08-22T12:31:51","date_gmt":"2014-08-22T15:31:51","guid":{"rendered":"http:\/\/fundaciongottau.org.ar\/comunicacion\/?page_id=9"},"modified":"2025-04-08T21:58:23","modified_gmt":"2025-04-09T00:58:23","slug":"sobre-nosotros","status":"publish","type":"page","link":"https:\/\/fundaciongottau.org.ar\/comunicacion\/contacto\/sobre-nosotros\/","title":{"rendered":"Sobre nosotros"},"content":{"rendered":"<p style=\"text-align: center;\"><strong>Historia<\/strong><\/p>\n<p>El comienzo jur\u00eddico legal data del 1ro. de marzo de 1996 cuando Monse\u00f1or Antonio Baseotto era obispo de la di\u00f3cesis de A\u00f1atuya, siendo \u00e9l su primer presidente.<\/p>\n<p>Desde sus comienzos, la Fundaci\u00f3n fue concebida como una herramienta para el desarrollo de la regi\u00f3n del chaco santiague\u00f1o.<\/p>\n<p>Monse\u00f1or Adolfo Armando Uriona, que asume como presidente de la Fundaci\u00f3n en el mes de noviembre de 2004, unos seis meses despu\u00e9s de haberse hecho cargo de la Di\u00f3cesis, promueve el crecimiento de la Fundaci\u00f3n Gottau impulsando la comunicaci\u00f3n de la realidad de los habitantes de la di\u00f3cesis de A\u00f1atuya, el voluntariado y la recaudaci\u00f3n de donaciones con el objetivo de conformar una comunidad de amigos que apoyen, a trav\u00e9s de su compromiso solidario, el desarrollo de cada habitante y de toda la regi\u00f3n, unas de las m\u00e1s pobres de Argentina.<\/p>\n<p>La Fundaci\u00f3n lleva el nombre de monse\u00f1or Jorge Gottau en honor al primer obispo de la di\u00f3cesis de A\u00f1atuya. Durante 31 a\u00f1os desarroll\u00f3 una gran obra de evangelizaci\u00f3n y promoci\u00f3n humana.<\/p>\n","protected":false},"excerpt":{"rendered":"<p>Historia El comienzo jur\u00eddico legal data del 1ro. de marzo de 1996 cuando Monse\u00f1or Antonio Baseotto era obispo de la di\u00f3cesis de A\u00f1atuya, siendo \u00e9l su primer presidente. Desde sus comienzos, la Fundaci\u00f3n fue concebida como una herramienta para el desarrollo de la regi\u00f3n del chaco santiague\u00f1o. Monse\u00f1or Adolfo Armando Uriona, que asume como presidente [&hellip;]<\/p>\n","protected":false},"author":1,"featured_media":0,"parent":69,"menu_order":0,"comment_status":"open","ping_status":"closed","template":"custom-page.php","meta":[],"_links":{"self":[{"href":"https:\/\/fundaciongottau.org.ar\/comunicacion\/wp-json\/wp\/v2\/pages\/9"}],"collection":[{"href":"https:\/\/fundaciongottau.org.ar\/comunicacion\/wp-json\/wp\/v2\/pages"}],"about":[{"href":"https:\/\/fundaciongottau.org.ar\/comunicacion\/wp-json\/wp\/v2\/types\/page"}],"author":[{"embeddable":true,"href":"https:\/\/fundaciongottau.org.ar\/comunicacion\/wp-json\/wp\/v2\/users\/1"}],"replies":[{"embeddable":true,"href":"https:\/\/fundaciongottau.org.ar\/comunicacion\/wp-json\/wp\/v2\/comments?post=9"}],"version-history":[{"count":10,"href":"https:\/\/fundaciongottau.org.ar\/comunicacion\/wp-json\/wp\/v2\/pages\/9\/revisions"}],"predecessor-version":[{"id":1100,"href":"https:\/\/fundaciongottau.org.ar\/comunicacion\/wp-json\/wp\/v2\/pages\/9\/revisions\/1100"}],"up":[{"embeddable":true,"href":"https:\/\/fundaciongottau.org.ar\/comunicacion\/wp-json\/wp\/v2\/pages\/69"}],"wp:attachment":[{"href":"https:\/\/fundaciongottau.org.ar\/comunicacion\/wp-json\/wp\/v2\/media?parent=9"}],"curies":[{"name":"wp","href":"https:\/\/api.w.org\/{rel}","templated":true}]}}